{"id":1038,"date":"2020-06-24T22:43:51","date_gmt":"2020-06-24T20:43:51","guid":{"rendered":"http:\/\/acsixt.hypotheses.org\/?page_id=1038"},"modified":"2020-06-24T22:43:51","modified_gmt":"2020-06-24T20:43:51","slug":"vos-recherches-communicabilite","status":"publish","type":"page","link":"https:\/\/archives.sixt-sur-aff.fr\/?page_id=1038","title":{"rendered":"Vos recherches &#8211; communicabilit\u00e9"},"content":{"rendered":"<h5 style=\"text-align: right\"><span style=\"text-decoration: underline\"><span style=\"color: #993300;text-decoration: underline\">COMMUNICABILIT\u00c9 DES DOCUMENTS<br \/>\n<\/span><\/span><\/h5>\n<p style=\"text-align: justify\">Les archives communales de Sixt-sur-Aff sont communicables de plein droit sous r\u00e9serve des dispositions de l\u2019article L. 213-2 du code du patrimoine, et dans les conditions pr\u00e9vues par l\u2019article L. 311-9 du code des relations entre le public et l\u2019administration.<\/p>\n<p style=\"text-align: justify\">En application de l\u2019article L. 311-6 du code des relations entre le public et l\u2019administration, ne sont communicables qu\u2019aux int\u00e9ress\u00e9s certains documents administratifs dont la communication porterait notamment atteinte \u00e0 protection de la vie priv\u00e9e ou du secret m\u00e9dical.<\/p>\n<p style=\"text-align: justify\">Lorsqu\u2019un lecteur d\u00e9sire consulter un article non encore librement communicable, conform\u00e9ment \u00e0 la r\u00e9glementation en vigueur, il doit recourir \u00e0 la <a href=\"http:\/\/acsixt.hypotheses.org\/files\/2020\/08\/SixtsurAff_Archives_Consultation_FormulaireDerogation_2020.pdf\" target=\"_blank\" rel=\"noopener noreferrer\">proc\u00e9dure de d\u00e9rogation<\/a>.<\/p>\n<p style=\"text-align: justify\">La communication d&rsquo;archives priv\u00e9es rel\u00e8ve des conditions stipul\u00e9es par les auteurs des legs, dons manuels, donations ou d\u00e9p\u00f4ts : elle peut \u00eatre soumise \u00e0 l&rsquo;autorisation pr\u00e9alable du donateur ou du d\u00e9posant du fonds.<\/p>\n<p style=\"text-align: justify\">En outre, certains documents et pi\u00e8ces d\u2019archives sont exclus de la communication :<\/p>\n<ul>\n<li>pour \u00e9tat mat\u00e9riel d\u00e9grad\u00e9,<\/li>\n<li>pour d\u00e9lais de communicabilit\u00e9,<\/li>\n<li>archives non class\u00e9es,<\/li>\n<li>archives en cours de reliure, de restauration ou de num\u00e9risation,<\/li>\n<li>locaux archives en travaux,<\/li>\n<li>r\u00e9colement r\u00e9glementaire.<\/li>\n<\/ul>\n<p style=\"text-align: justify\">Attention : Pour des raisons de conservation, les documents disponibles sur support de substitution sont de pr\u00e9f\u00e9rence communiqu\u00e9s sous cette forme. La communication peut \u00eatre diff\u00e9r\u00e9e pour pr\u00e9paration de certains documents.<\/p>\n<p>&nbsp;<\/p>\n<p style=\"text-align: right\"><span style=\"font-size: 14px;color: #800000\"><strong><span class=\"tadv-color\"><a style=\"color: #800000\" href=\"http:\/\/acsixt.hypotheses.org\/vos-recherches\"><em>=&gt; Retour \u00e0 la section \u00ab\u00a0Vos recherches\u00a0\u00bb<\/em><\/a><\/span><\/strong><\/span><\/p>\n<p style=\"text-align: center\"><span style=\"color: #800000;font-size: 14px\"><strong><span class=\"tadv-color\"><a style=\"color: #800000\" href=\"https:\/\/acsixt.hypotheses.org\/mentions-legales\">Mentions l\u00e9gales<\/a> &#8211; <a style=\"color: #800000\" href=\"http:\/\/acsixt.hypotheses.org\/a-propos\">A propos de<\/a> &#8211; <a style=\"color: #800000\" href=\"https:\/\/acsixt.hypotheses.org\/credits\">Cr\u00e9dits<\/a> &#8211; <\/span><\/strong> <\/span><strong><span style=\"color: #800000;font-size: 14px\"><a style=\"color: #800000\" href=\"http:\/\/acsixt.hypotheses.org\/informations-pratiques\">Infos pratiques<\/a> &#8211; <a style=\"color: #800000\" href=\"http:\/\/acsixt.hypotheses.org\/contact\">Contact<\/a><\/span><\/strong><\/p>\n","protected":false},"excerpt":{"rendered":"<p>COMMUNICABILIT\u00c9 DES DOCUMENTS Les archives communales de Sixt-sur-Aff sont communicables de plein droit sous r\u00e9serve des dispositions de l\u2019article L. 213-2 du code du patrimoine, et dans les conditions pr\u00e9vues par l\u2019article L. 311-9 du code des relations entre le public et l\u2019administration. En application de l\u2019article L. 311-6 du code des relations entre le &hellip; <a href=\"https:\/\/archives.sixt-sur-aff.fr\/?page_id=1038\" class=\"more-link\">Continuer la lecture de <span class=\"screen-reader-text\">Vos recherches &#8211; communicabilit\u00e9<\/span>  <span class=\"meta-nav\">&rarr;<\/span><\/a><\/p>\n","protected":false},"author":1,"featured_media":0,"parent":0,"menu_order":0,"comment_status":"closed","ping_status":"closed","template":"page-templates\/full-width.php","meta":{"footnotes":""},"class_list":["post-1038","page","type-page","status-publish","hentry"],"_links":{"self":[{"href":"https:\/\/archives.sixt-sur-aff.fr\/index.php?rest_route=\/wp\/v2\/pages\/1038","targetHints":{"allow":["GET"]}}],"collection":[{"href":"https:\/\/archives.sixt-sur-aff.fr\/index.php?rest_route=\/wp\/v2\/pages"}],"about":[{"href":"https:\/\/archives.sixt-sur-aff.fr\/index.php?rest_route=\/wp\/v2\/types\/page"}],"author":[{"embeddable":true,"href":"https:\/\/archives.sixt-sur-aff.fr\/index.php?rest_route=\/wp\/v2\/users\/1"}],"replies":[{"embeddable":true,"href":"https:\/\/archives.sixt-sur-aff.fr\/index.php?rest_route=%2Fwp%2Fv2%2Fcomments&post=1038"}],"version-history":[{"count":0,"href":"https:\/\/archives.sixt-sur-aff.fr\/index.php?rest_route=\/wp\/v2\/pages\/1038\/revisions"}],"wp:attachment":[{"href":"https:\/\/archives.sixt-sur-aff.fr\/index.php?rest_route=%2Fwp%2Fv2%2Fmedia&parent=1038"}],"curies":[{"name":"wp","href":"https:\/\/api.w.org\/{rel}","templated":true}]}}