{"id":116,"date":"2020-03-26T14:35:25","date_gmt":"2020-03-26T12:35:25","guid":{"rendered":"http:\/\/acsixt.hypotheses.org\/?page_id=116"},"modified":"2020-03-26T14:35:25","modified_gmt":"2020-03-26T12:35:25","slug":"galeriearchives","status":"publish","type":"page","link":"https:\/\/archives.sixt-sur-aff.fr\/?page_id=116","title":{"rendered":"GALERIE D&rsquo;ARCHIVES"},"content":{"rendered":"\n<p>&nbsp;<\/p>\n\n<p style=\"text-align: justify\">Dans cette section, qui est appel\u00e9e \u00e0 s&rsquo;enrichir, nous vous proposons de d\u00e9couvrir des photographies de diff\u00e9rents <a href=\"http:\/\/acsixt.hypotheses.org\/sixt-en-images\">lieux de la commune de Sixt-sur-Af<\/a>f, des <a href=\"http:\/\/acsixt.hypotheses.org\/inventaires-objets-darchives\">objets <\/a>et pi\u00e8ces conserv\u00e9s dans les locaux d&rsquo;archives,\u00a0 des <a href=\"http:\/\/acsixt.hypotheses.org\/iconotheque\">documents iconographiques<\/a> (affiches, cartes, dessins, estampes, plans&#8230;) ainsi que des <a href=\"http:\/\/acsixt.hypotheses.org\/documentsarchives\">documents d&rsquo;archives<\/a> (avis, arr\u00eat\u00e9s, bons, bulletins, cartes, proc\u00e8s-verbaux, registres&#8230;).<\/p>\n<p style=\"text-align: center\">\u00a0<\/p>\n<p style=\"text-align: center\"><span style=\"font-size: 14px;color: #800000\"><strong><span class=\"tadv-color\"><a style=\"color: #800000\" href=\"https:\/\/acsixt.hypotheses.org\/mentions-legales\">Mentions l\u00e9gales<\/a> &#8211; <a style=\"color: #800000\" href=\"http:\/\/acsixt.hypotheses.org\/a-propos\">A propos de<\/a> &#8211; <a style=\"color: #800000\" href=\"https:\/\/acsixt.hypotheses.org\/credits\">Cr\u00e9dits<\/a> &#8211; <\/span><\/strong> <strong><a style=\"color: #800000\" href=\"http:\/\/acsixt.hypotheses.org\/informations-pratiques\">Infos pratiques<\/a> &#8211; <a style=\"color: #800000\" href=\"https:\/\/acsixt.hypotheses.org\/contact\">Contact<\/a><\/strong><\/span><\/p>\n\n<p>&nbsp;<\/p>\n","protected":false},"excerpt":{"rendered":"<p>&nbsp; Dans cette section, qui est appel\u00e9e \u00e0 s&rsquo;enrichir, nous vous proposons de d\u00e9couvrir des photographies de diff\u00e9rents lieux de la commune de Sixt-sur-Aff, des objets et pi\u00e8ces conserv\u00e9s dans les locaux d&rsquo;archives,\u00a0 des documents iconographiques (affiches, cartes, dessins, estampes, plans&#8230;) ainsi que des documents d&rsquo;archives (avis, arr\u00eat\u00e9s, bons, bulletins, cartes, proc\u00e8s-verbaux, registres&#8230;). \u00a0 Mentions &hellip; <a href=\"https:\/\/archives.sixt-sur-aff.fr\/?page_id=116\" class=\"more-link\">Continuer la lecture de <span class=\"screen-reader-text\">GALERIE D&rsquo;ARCHIVES<\/span>  <span class=\"meta-nav\">&rarr;<\/span><\/a><\/p>\n","protected":false},"author":1,"featured_media":0,"parent":0,"menu_order":0,"comment_status":"closed","ping_status":"closed","template":"page-templates\/full-width.php","meta":{"footnotes":""},"class_list":["post-116","page","type-page","status-publish","hentry"],"_links":{"self":[{"href":"https:\/\/archives.sixt-sur-aff.fr\/index.php?rest_route=\/wp\/v2\/pages\/116","targetHints":{"allow":["GET"]}}],"collection":[{"href":"https:\/\/archives.sixt-sur-aff.fr\/index.php?rest_route=\/wp\/v2\/pages"}],"about":[{"href":"https:\/\/archives.sixt-sur-aff.fr\/index.php?rest_route=\/wp\/v2\/types\/page"}],"author":[{"embeddable":true,"href":"https:\/\/archives.sixt-sur-aff.fr\/index.php?rest_route=\/wp\/v2\/users\/1"}],"replies":[{"embeddable":true,"href":"https:\/\/archives.sixt-sur-aff.fr\/index.php?rest_route=%2Fwp%2Fv2%2Fcomments&post=116"}],"version-history":[{"count":0,"href":"https:\/\/archives.sixt-sur-aff.fr\/index.php?rest_route=\/wp\/v2\/pages\/116\/revisions"}],"wp:attachment":[{"href":"https:\/\/archives.sixt-sur-aff.fr\/index.php?rest_route=%2Fwp%2Fv2%2Fmedia&parent=116"}],"curies":[{"name":"wp","href":"https:\/\/api.w.org\/{rel}","templated":true}]}}