{"id":523,"date":"2020-04-10T11:27:22","date_gmt":"2020-04-10T09:27:22","guid":{"rendered":"http:\/\/acsixt.hypotheses.org\/?page_id=523"},"modified":"2020-04-10T11:27:22","modified_gmt":"2020-04-10T09:27:22","slug":"open-data","status":"publish","type":"page","link":"https:\/\/archives.sixt-sur-aff.fr\/?page_id=523","title":{"rendered":"Open Data"},"content":{"rendered":"\n<h3 style=\"text-align: center\">OPEN DATA<br \/>ou les donn\u00e9es publiques<\/h3>\n<p>&nbsp;<\/p>\n<p style=\"text-align: justify\"><span style=\"color: #008000\"><em><u>D \u00e9 c e m b r e\u00a0\u00a0 2 0 1 8<\/u><\/em><\/span><br \/><br \/>L\u2019un des \u00e9v\u00e9nements marquants de l\u2019ann\u00e9e 2018 pour l\u2019ensemble de la population, les soci\u00e9t\u00e9s priv\u00e9es et organismes publics porta sur la protection des donn\u00e9es personnelles et la mise \u00e0 disposition de donn\u00e9es publiques. Mais qu\u2019est une donn\u00e9e ?<\/p>\n<p style=\"text-align: justify\">Tout simplement un mot, un chiffre, une date, un nom, un sigle, un symbole\u2026 permettant d\u2019identifier, directement ou indirectement, une personne physique ou morale, un lieu, un \u00e9v\u00e8nement, une p\u00e9riode\u2026 Il convient de rappeler que les donn\u00e9es et les informations personnelles ont depuis toujours circul\u00e9 sur diff\u00e9rents supports (tablette en pierre, parchemin, papier et aujourd\u2019hui num\u00e9rique). Par ailleurs, nous produisons tous des donn\u00e9es personnelles (commande en ligne\u2026), nous recevons \u00e9galement tous des donn\u00e9es personnelles (\u00e9change avec les associations, courriel \u00e0 destination de la Mairie\u2026) et nous partageons tous des donn\u00e9es personnelles (Facebook, skype, Linked\u2019In, Snapchat, jeux en ligne\u2026).<\/p>\n<p style=\"text-align: justify\">Une donn\u00e9e publique est une donn\u00e9e anonymis\u00e9e produite ou re\u00e7ue dans le cadre d\u2019une mission de service public. Celle-ci est ou sera brute, structur\u00e9 sous la licence libre de type Licence Ouverte v2.0. De plus, Ces jeux de donn\u00e9es s(er)ont classifi\u00e9s selon les rubriques qui suivent : administratif, budget, citoyennet\u00e9, culture, environnement, mobilit\u00e9, scolaire, sport et urbanisme.\u00a0<\/p>\n<p style=\"text-align: justify\">La r\u00e9utilisation de telles donn\u00e9es permet de mener \u00e9tudes et recherches dans diff\u00e9rents domaines : prospection immobili\u00e8re, statistique d\u00e9mographique, recherches universitaires\u2026 Leur r\u00e9utilisation permet par exemple d\u2019identifier sur carte \u00e0 l\u2019aide de son t\u00e9l\u00e9phone portable une rue, un lieu-dit, un sentier de randonn\u00e9e, des toilettes publiques, une borne de recharge \u00e9lectrique\u2026<\/p>\n<p style=\"text-align: justify\">La loi 7 octobre 2016 pour une R\u00e9publique num\u00e9rique rend obligatoire pour les communes de plus de 3 500 habitants la mise \u00e0 disposition des donn\u00e9es publiques communicables. Elle vise ainsi \u00e0 favoriser la \u00ab circulation des donn\u00e9es et du savoir \u00bb \u00e0 travers l\u2019ouverture des donn\u00e9es publiques et d\u2019int\u00e9r\u00eat g\u00e9n\u00e9ral. Apr\u00e8s d\u00e9lib\u00e9rations, la commune de Sixt-sur-Aff a souhait\u00e9 mettre \u00e0 disposition progressivement ses donn\u00e9es de fa\u00e7on non discriminatoire et en permettant leur r\u00e9utilisation pour un usage &#8211; commercial ou non-commercial &#8211; historique, scientifique, statistique ou technique. Elles sont consultable, t\u00e9l\u00e9chargeable et r\u00e9utilisable sur le portail Internet d\u00e9di\u00e9 appel\u00e9 data.gouv.fr :<\/p>\n<p style=\"text-align: justify\"><a href=\"https:\/\/www.data.gouv.fr\/fr\/organizations\/commune-de-sixt-sur-aff\/\" target=\"_blank\" rel=\"noopener noreferrer\"><img loading=\"lazy\" decoding=\"async\" class=\"wp-image-655  aligncenter\" src=\"http:\/\/acsixt.hypotheses.org\/files\/2020\/04\/OpenData.jpg\" alt=\"\" width=\"239\" height=\"67\" srcset=\"https:\/\/archives.sixt-sur-aff.fr\/wp-content\/uploads\/2020\/04\/OpenData.jpg 744w, https:\/\/archives.sixt-sur-aff.fr\/wp-content\/uploads\/2020\/04\/OpenData-300x84.jpg 300w\" sizes=\"auto, (max-width: 239px) 100vw, 239px\" \/><\/a><\/p>\n<p style=\"text-align: justify\">Lire un jeu de donn\u00e9es n\u2019est pas facile car il s\u2019agit de fichiers num\u00e9riques qui contiennent une s\u00e9rie de textes et de chiffres sans aucune mise en forme. Mais une fois cette difficult\u00e9 pass\u00e9e, ils permettent par exemple de d\u00e9couvrir quels sont les pr\u00e9noms les plus populaires, de conna\u00eetre les menus de la cantine, de consulter les d\u00e9lib\u00e9rations approuv\u00e9es par le Conseil municipal ou bien de localiser sur son t\u00e9l\u00e9phone portable le lieu d\u2019une exposition.<\/p>\n<p style=\"text-align: justify\">Afin que vous puissiez suivre l\u2019\u00e9volution de la mise en ligne des donn\u00e9es publiques <a href=\"http:\/\/acsixt.hypotheses.org\/files\/2020\/04\/Etat-des-lieux-fin-2018.jpg\"><img loading=\"lazy\" decoding=\"async\" class=\"alignleft wp-image-649\" src=\"http:\/\/acsixt.hypotheses.org\/files\/2020\/04\/Etat-des-lieux-fin-2018.jpg\" alt=\"\" width=\"266\" height=\"133\" \/><\/a>de la commune de Sixt-sur-Aff, nous avons pr\u00e9par\u00e9, au mois de d\u00e9cembre 2019, une synth\u00e8se \u00e0 partir du catalogue des jeux de donn\u00e9es de la commune de Sixt-sur-Aff (tableau synth\u00e9tique des jeux de donn\u00e9es disponibles et portant sur les neuf rubriques).<\/p>\n<p style=\"text-align: justify\">Le Socle Commun des Donn\u00e9es Locales V 1.0 est complet pour les ann\u00e9es 2017 et 2018. Il repr\u00e9sente 11 jeux de donn\u00e9es (adresses de la collectivit\u00e9, b\u00e2timents publics, d\u00e9lib\u00e9rations, \u00e9tat civil, march\u00e9s publics, pr\u00e9noms des nouveaux-n\u00e9s, subventions)<\/p>\n<p style=\"text-align: justify\">Le Socle Commun des Donn\u00e9es Locales V 2.0 est en cours de r\u00e9alisation. Il porte \u00e9galement sur les ann\u00e9es 2017-2018. Actuellement, 2 jeux de donn\u00e9es sont disponibles soit 14 % (agenda culturel, d\u00e9fibrillateurs).<\/p>\n<p style=\"text-align: justify\">Le Socle des Donn\u00e9es Locales V 1.0 (jeux de donn\u00e9es produits \u00e0 l&rsquo;initiative de la Mairie).\u00a0 9 jeux de donn\u00e9es sur la p\u00e9riode 2017-2018 sont disponibles.<br \/>\u00a0<a href=\"http:\/\/acsixt.hypotheses.org\/files\/2020\/04\/Etat-des-lieux-fin-2019.jpg\"><img loading=\"lazy\" decoding=\"async\" class=\"aligncenter wp-image-650 size-full\" src=\"http:\/\/acsixt.hypotheses.org\/files\/2020\/04\/Etat-des-lieux-fin-2019.jpg\" alt=\"\" width=\"1178\" height=\"96\" \/><\/a><\/p>\n<p><\/p>\n<p style=\"text-align: right\"><span style=\"font-size: 14px;color: #800000\"><strong><span class=\"tadv-color\"><a style=\"color: #800000\" href=\"https:\/\/acsixt.hypotheses.org\/les-archives\"><em>=&gt; Retour \u00e0 la section \u00ab\u00a0Les Archives\u00a0\u00bb<\/em><\/a><\/span><\/strong><\/span><\/p>\n<p style=\"text-align: center\"><span style=\"color: #800000;font-size: 14px\"><strong><span class=\"tadv-color\"><a style=\"color: #800000\" href=\"https:\/\/acsixt.hypotheses.org\/mentions-legales\">Mentions l\u00e9gales<\/a> &#8211; <a style=\"color: #800000\" href=\"http:\/\/acsixt.hypotheses.org\/a-propos\">A propos de<\/a> &#8211; <a style=\"color: #800000\" href=\"https:\/\/acsixt.hypotheses.org\/credits\">Cr\u00e9dits<\/a> &#8211; <\/span><\/strong> <\/span><strong><span style=\"color: #800000;font-size: 14px\"><a style=\"color: #800000\" href=\"http:\/\/acsixt.hypotheses.org\/informations-pratiques\">Infos pratiques<\/a> &#8211; <a style=\"color: #800000\" href=\"http:\/\/acsixt.hypotheses.org\/contact\">Contact<\/a><\/span><\/strong><\/p>","protected":false},"excerpt":{"rendered":"<p>OPEN DATAou les donn\u00e9es publiques &nbsp; D \u00e9 c e m b r e\u00a0\u00a0 2 0 1 8 L\u2019un des \u00e9v\u00e9nements marquants de l\u2019ann\u00e9e 2018 pour l\u2019ensemble de la population, les soci\u00e9t\u00e9s priv\u00e9es et organismes publics porta sur la protection des donn\u00e9es personnelles et la mise \u00e0 disposition de donn\u00e9es publiques. Mais qu\u2019est une donn\u00e9e &hellip; <a href=\"https:\/\/archives.sixt-sur-aff.fr\/?page_id=523\" class=\"more-link\">Continuer la lecture de <span class=\"screen-reader-text\">Open Data<\/span>  <span class=\"meta-nav\">&rarr;<\/span><\/a><\/p>\n","protected":false},"author":1,"featured_media":0,"parent":0,"menu_order":0,"comment_status":"closed","ping_status":"closed","template":"page-templates\/full-width.php","meta":{"footnotes":""},"class_list":["post-523","page","type-page","status-publish","hentry"],"_links":{"self":[{"href":"https:\/\/archives.sixt-sur-aff.fr\/index.php?rest_route=\/wp\/v2\/pages\/523","targetHints":{"allow":["GET"]}}],"collection":[{"href":"https:\/\/archives.sixt-sur-aff.fr\/index.php?rest_route=\/wp\/v2\/pages"}],"about":[{"href":"https:\/\/archives.sixt-sur-aff.fr\/index.php?rest_route=\/wp\/v2\/types\/page"}],"author":[{"embeddable":true,"href":"https:\/\/archives.sixt-sur-aff.fr\/index.php?rest_route=\/wp\/v2\/users\/1"}],"replies":[{"embeddable":true,"href":"https:\/\/archives.sixt-sur-aff.fr\/index.php?rest_route=%2Fwp%2Fv2%2Fcomments&post=523"}],"version-history":[{"count":0,"href":"https:\/\/archives.sixt-sur-aff.fr\/index.php?rest_route=\/wp\/v2\/pages\/523\/revisions"}],"wp:attachment":[{"href":"https:\/\/archives.sixt-sur-aff.fr\/index.php?rest_route=%2Fwp%2Fv2%2Fmedia&parent=523"}],"curies":[{"name":"wp","href":"https:\/\/api.w.org\/{rel}","templated":true}]}}